ppose 44*q - f*q = -60. Calculate a(q).
10
Let k = 234 - 230. Suppose -4*i - 3 = t, -10 - 38 = -4*t + k*i. Let c(v) = -v**2 + 11*v - 13. What is c(t)?
5
Let k(l) be the first derivative of 5/2*l**2 + 5*l + 23. What is k(-2)?
-5
Let x(t) be the second derivative of -4/3*t**3 + 0 - 55*t - 1/12*t**4 + t**2. Let z = 11 + -15. Calculate x(z).
18
Let k(w) = -w**2 - 7*w - 4. Let m be -36*14/147*7. Let a be ((-35)/2 - -2)*2. Let s = a - m. Calculate k(s).
-4
Let n(j) = -14*j + 22. Let v(o) = -o + 16. Let a(d) = -n(d) - 3*v(d). What is a(5)?
15
Let x(r) = -1575 - 36*r + 3335 - 1646. Determine x(6).
-102
Let t = 8842 - 8858. Let p(h) = -h**3 - 16*h**2 + 5*h + 37. Give p(t).
-43
Let j(n) = 0 - 8 + n**2 - 7*n - 2*n**2. Let f(s) = -s**3 + 46*s**2 + 87*s + 424. Let w be f(48). Determine j(w).
-16
Let w be 1164/2619 + 14/(-72). Let u(k) be the first derivative of -2 + k - 1/3*k**3 - w*k**4 + 0*k**2. Calculate u(0).
1
Let t(x) = -14*x - 5. Let q be (-11)/2 - (-75)/30. Calculate t(q).
37
Let k(s) = -7*s + 5. Let m(g) = 11*g - 7. Suppose -2*i + 5*l - 41 = -4*i, 0 = 5*i - 5*l - 15. Let f(p) = i*k(p) + 5*m(p). What is f(6)?
-1
Let b(z) = z**3 - 2*z**2 - 8*z - 3. Let n be (-3 - (-71)/(-2))*(-60)/105. Let s be ((-8)/n)/(25/(-275)). Determine b(s).
-3
Suppose -71*d - 3*v = -72*d + 15, 8 = -4*d - 5*v. Let f(a) = a**3 - 8*a**2 + 21*a + 6. Give f(d).
24
Suppose -w - 12 = w. Let q(v) be the first derivative of v**3/3 + 7*v**2/2 - 3*v + 2245. Calculate q(w).
-9
Let v(s) = 4*s**2 + 2*s - 2. Let o(c) = 13*c**2 - 8*c + 23. Let b(l) = o(l) - 3*v(l). What is b(14)?
29
Let f(d) = -117*d + 657. Let z(b) = 195*b - 1091. Let v(l) = 13*f(l) + 8*z(l). Give v(5).
8
Let g(z) be the first derivative of 0*z**2 + 0*z + 10 + 19/3*z**3 + 5/24*z**4 + 1/120*z**5. Let j(d) be the third derivative of g(d). Give j(7).
12
Let k(f) be the first derivative of 1/60*f**5 + 0*f + 2/3*f**3 + 15 + 1/8*f**4 + 0*f**2. Let b(n) be the third derivative of k(n). Give b(6).
15
Let u(q) = 14*q + 5 + 2 - 6. Suppose -17*b = 15*b - 27*b + 5. Determine u(b).
-13
Let h(n) be the third derivative of -n**5/6 + n**4/12 + n**3/6 + 2106*n**2. Determine h(2).
-35
Let u(c) = c**3 - 8*c**2 + 10*c - 5. Let f(t) = 56*t + 1631. Let g be f(-29). Determine u(g).
16
Let m(l) = l**2 + 33*l + 96. Suppose 236*o - 241*o + 2*g = 164, -g - 83 = 3*o. Calculate m(o).
6
Let n be (-8)/6*(-1 - -4). Let r(q) = 5*q - 236752 + 473499 - 236748. What is r(n)?
-21
Let d(l) = -2*l**2 - 7*l - 4. Let j = -399 - -542. Suppose 119 = 6*o + j. Calculate d(o).
-8
Let f(l) be the second derivative of 7 - 8*l + 5/2*l**2 - 1/3*l**4 - 1/20*l**5 + 0*l**3. Suppose 0 = -2*g + 3*j - 2, 7 + 7 = -4*g + j. Determine f(g).
5
Suppose 0 = 3*r + 6*r + 18. Let b(x) be the second derivative of x**4/24 + 2*x**2 - 5*x. Let u(f) be the first derivative of b(f). Give u(r).
-2
Suppose 2*r + 0 = -5*y + 29, 2*r = 5*y - 21. Let q(s) = -2*s - 7*s + 8*s + r*s. Calculate q(4).
4
Let g(x) be the second derivative of -57*x - 1/20*x**5 + 1/6*x**3 + 0 - 1/3*x**4 + 3/2*x**2. Suppose a = 5*q - 13, 0 - 9 = a - 3*q. Calculate g(a).
-9
Suppose 10 = 5*g - 5*t, 2*g + t - 16 = 6*t. Let j be g/16*-20*8/10. Suppose -j*p = -0 + 20. Let b(l) = -l**2 - 10*l + 2. What is b(p)?
2
Let h(i) = -i**2 - 56*i + 728. Let f be h(-67). Let a(q) = -q**3 - 8*q**2 - 5*q - 121. Calculate a(f).
5
Let k(u) be the third derivative of -u**6/120 + 2*u**5/15 + u**4/8 + u**3/6 + 2024*u**2. Give k(8).
25
Let s(m) = -4*m - 81. Let g be (-1326)/(-2431) + 540/(-22). Determine s(g).
15
Let t(d) be the second derivative of -d**3/6 - 4*d**2 - 2*d. Let n(r) = 105*r**2 + 633*r + 12. Let c be n(-6). Give t(c).
-2
Let f(u) = 21*u**2 - 3*u + 15. Let p(z) = -5*z**2 - 3*z. Let r(c) = -f(c) - 4*p(c). Let t = -31 - -43. Give r(t).
21
Let o(a) = 7*a + 109. Let n(s) = s**2 + s + 3. Let b(z) = -n(z) + o(z). Let v(t) be the first derivative of b(t). Calculate v(7).
-8
Let u(s) = -2*s - 17 + 61 - 30 + 3*s - 4*s. Calculate u(0).
14
Let x(t) = 8*t - 371. Let h be x(47). Suppose k + 21 = -5*p, k - 3*p + 6 = -h*p. Let f(g) = -g**2 + 8*g + 3. Give f(k).
19
Suppose -58*o - 98*o = -o - 2170. Let g(r) = -r + 15. What is g(o)?
1
Let w = 1 - -4. Let i(o) = -o + 2. Let p be i(w). Let z be ((-1)/1)/((-52)/(-16) + p). Let c(n) = -n**2 - 8*n - 3. Calculate c(z).
13
Let m(b) = b**3 + 2*b**2 + 2*b + 1. Let v = -30 - 8. Let s = -28 - v. Suppose 13*y + s = 8*y. Determine m(y).
-3
Let v(f) = 2*f**2 - 6*f - 1. Let q be (4 - 7)/(-3) + (-13 + 4)/(-3). What is v(q)?
7
Let d(v) = v**2 + 25*v - 3. Suppose -u - 27 = -a, 33 - 39 = -3*a. Determine d(u).
-3
Let i(j) be the first derivative of j**6/120 - 7*j**5/60 - j**4/12 + 5*j**3/6 - 2*j**2 - 83. Let b(v) be the second derivative of i(v). Give b(7).
-9
Let t(j) = j**3 + 9*j**2 + 7*j - 8. Suppose -4*c - 4*p = 32, -2*c + 12 = -5*p + 28. Calculate t(c).
0
Suppose -2*p - 1378 = -4*j, 4*p - 659 = -2*j - p. Let l be ((-1)/3)/((-19)/j). Let z(h) = -5 - h**2 - 2*h**2 + 6*h**2 - 2*h**2 + l*h. Give z(-8).
11
Let a(r) = -2*r + 0 - 1 - 2*r**2 + 0 + 0 - r**3. Let m = 16 - 83. Let x = -70 - m. Give a(x).
14
Let y = 2809 - 2808. Let z(v) = -36*v**3 + v**2 - 3*v + 1. Give z(y).
-37
Let l(d) be the second derivative of 0 + 1/12*d**4 - 7/6*d**3 + 5/2*d**2 + 36*d. Give l(7).
5
Let x(q) = 2*q**2 - 55*q - 19. Let w(f) = -353*f - 8444. Let n be w(-24). Give x(n).
9
Let c(i) be the second derivative of 1/6*i**3 + 0 + 1/12*i**4 + 2*i + 1/2*i**2. Determine c(-4).
13
Let g(y) = -y**2 + 11*y - 10. Let j(c) = 2*c**2 - 23*c + 21. Let h(i) = -13*g(i) - 6*j(i). Suppose 8*m + 55 - 95 = 0. Suppose 7 = m*o - 8. What is h(o)?
-2
Let i be (-68 - 30/(-5)) + 1*3. Let m = -56 - i. Suppose m + 4 = -2*p - b, 0 = 2*b - 2. Let u(l) = l**3 + 5*l**2 + 5*l + 2. Give u(p).
-2
Let m(w) = 8*w**3 - 353*w**2 + 44*w - 3. Let d be m(44). Let z(g) = 14*g**2 + 7*g + 11. What is z(d)?
116
Let m(o) = o**3 + 7*o**2 + 8*o - 4. Let y(a) = 3*a - 4*a + 2*a. Let p(g) = -m(g) + 4*y(g). Suppose -x + 5*b = -13 + 34, x + 4*b = 6. Calculate p(x).
-8
Suppose 49*n - 58*n - 96*n = -840. Let i(d) = d**3 - 8*d**2 + 3*d - 17. Give i(n).
7
Let u(k) = -k**3 + 18*k**2 + 10*k + 2. Let v(n) = 2*n**2. Let i = 350 - 351. Let t(b) = i*u(b) + 4*v(b). Give t(11).
9
Let t(h) be the second derivative of -h**4/12 - 11*h**3/3 - 5*h**2 - 2056*h. Calculate t(-22).
-10
Let k(r) = 13 - 2*r**2 - 766*r + 792*r + 40 + r**2. Give k(30).
-67
Let b(o) = -o**3 - o**2 + o. Let t = -4285 - -4283. Give b(t).
2
Suppose -5*n = -f + 47, 168*n - 103 = -5*f + 171*n. Let s(h) = -h**3 + 17*h**2 + 2*h + 37. Determine s(f).
71
Let q(a) = -a**3 + 3*a + 1. Let t be q(0). Let u(w) = 2 - t - 2 + 4 + w. Let p be u(0). Let s(g) = g**3 - 3*g**2 - 2*g + 2. Calculate s(p).
-4
Let a(f) = 31*f - 9 - 6*f**2 + f**3 - 28*f + 0*f**3. Let m(b) = b**2 - 28*b + 58. Let u = 91 - 65. Let c be m(u). Determine a(c).
9
Suppose 2*f + 168 = 6*f. Suppose -2*m + 58 = -f. Let g be 270/m - 6/(-10). Let s(r) = r**3 - 7*r**2 + 6*r - 8. Calculate s(g).
-8
Let g(b) = -b. Let p = 112 - 74. Suppose -5*n = 5*h - 0*h + 55, -p = 4*h + 2*n. Determine g(h).
8
Let d(a) = 35*a**2 - 7*a + 13. Let h(g) = -61*g**2 + 13*g - 25. Let m(x) = -7*d(x) - 4*h(x). Determine m(-5).
-1
Let y(j) = 8*j - 17. Suppose -4182 + 4133 = 7*n. Give y(n).
-73
Suppose 0 = -17*j + 16*j + 4, 259 = 5*a - 4*j. Let n(x) = -5 + 20*x - a*x + 38*x. Suppose 0 = -2*p + 2 + 6. What is n(p)?
7
Let r(q) be the third derivative of -q**6/120 + q**5/10 - q**4/6 + 7*q**3/6 - 128*q**2. Let s(y) = -y - 3. Let c be s(-8). What is r(c)?
12
Let c(f) = -19 + f + 82*f**2 - 117*f**2 - 56 + 36*f**2. Determine c(0).
-75
Suppose -5*d + 217 + 188 = 3*v, -2*v + 5*d = -245. Let h = -131 + v. Let u(g) be the third derivative of -g**6/60 + g**4/24 + 2*g**2. Determine u(h).
1
Let p(s) = s**3 + 7*s**2 + 5*s - 3. Suppose -9*t - 57 + 111 = 0. Suppose -66 = 17*w - t*w. Calculate p(w).
3
Let z(o) = 3*o**2 - 33*o - 29. Suppose 0 = 2*m - 4, 3*n - 22*m + 20*m = 32. Give z(n).
7
Let x(g) = -3*g**3 - 2*g + 1. Let j be x(1). Let q be (-68)/(-12) - (-3)/18*2. Let k(s) = -42*s - 6 + 15*s + q*s + 17*s - s**2. Give k(j).
-6
Let a(t) = -13*t**2 + 6*t - 18. Let p(f) be the second derivative of 11*f**4/12 - 5*f**3/6 + 8*f**2 + 41*f. Let i(g) = 5*a(g) + 6*p(g). What is i(0)?
6
Suppose -7*t - 1343 = -684 - 680. Let a(m) be the second der